{"id":139,"date":"2025-10-27T17:04:06","date_gmt":"2025-10-27T16:04:06","guid":{"rendered":"https:\/\/pages.constructor.university\/5ghyprmesh\/?page_id=139"},"modified":"2025-10-27T17:10:06","modified_gmt":"2025-10-27T16:10:06","slug":"neues-routing-protokoll-fur-dynamische-ad-hoc-netzwerke-auf-der-spawc-konferenz-vorgestellt","status":"publish","type":"page","link":"https:\/\/pages.constructor.university\/5ghyprmesh\/?page_id=139","title":{"rendered":"Neues Routing-Protokoll f\u00fcr dynamische Ad-hoc-Netzwerke auf der SPAWC-Konferenz vorgestellt"},"content":{"rendered":"\n<p>Auf der renommierten <em>SPAWC-Konferenz<\/em> wurde das innovative Routing-Protokoll \u201eA Robust Routing Protocol for 5G Mesh Networks\u201c vorgestellt. Es wurde speziell f\u00fcr Ad-hoc-Netzwerke mit dynamisch wechselnden Topologien, wie sie in DECT 2020 NR (NR+)-Systemen vorkommen, entwickelt. Solche Netzwerke stehen oft vor der Herausforderung fehlender Verbindungen zwischen Knoten, was zu unvollst\u00e4ndigen oder ineffizienten Routing-Pfaden f\u00fchrt.<\/p>\n\n\n\n<p>Das neue Protokoll kombiniert fortschrittliche Netzwerkerkennung mit Matrix-Vervollst\u00e4ndigungstechniken, um Kommunikationspfade effizient und zuverl\u00e4ssig zu etablieren. Ein zentraler Bestandteil ist die Multihop-Lokalisierung, die es erm\u00f6glicht, die Positionen der Knoten zu sch\u00e4tzen, ohne deren geografische Daten zu \u00fcbertragen. Dies sch\u00fctzt die Privatsph\u00e4re w\u00e4hrend des Routing-Prozesses und erlaubt es den Knoten, potenziell fehlende Pfade dezentral zu finden, anstatt das gesamte Netzwerk zu fluten.<\/p>\n\n\n\n<p>Simulationsergebnisse belegen die hohe Leistungsf\u00e4higkeit der Technik, insbesondere in Bezug auf die durchschnittliche Anzahl von Hops in den Routing-Pfaden. Die Tests wurden in verschiedenen Szenarien mit unterschiedlicher Netzwerkdichte und unterschiedlichem Grad an Unvollst\u00e4ndigkeit durchgef\u00fchrt, wobei die Methode durchweg \u00fcberzeugende Ergebnisse lieferte.<\/p>\n\n\n\n<p>Diese Entwicklung markiert einen bedeutenden Fortschritt f\u00fcr die Kommunikation in 5G-Mesh-Netzwerken und k\u00f6nnte die Grundlage f\u00fcr robustere, datenschutzfreundlichere Ad-hoc-Netzwerke der Zukunft bilden.<br><br>Den ganzen Artikel finden Sie auf <a href=\"https:\/\/ieeexplore.ieee.org\/document\/11143415\">IEEEXplore<\/a>, oder als Preprint auf <a href=\"https:\/\/arxiv.org\/abs\/2503.15173\">ArXiv<\/a>.<\/p>\n\n\n\n<p><\/p>\n","protected":false},"excerpt":{"rendered":"<p>Auf der renommierten SPAWC-Konferenz wurde das innovative Routing-Protokoll \u201eA Robust Routing Protocol for 5G Mesh Networks\u201c vorgestellt. Es wurde speziell f\u00fcr Ad-hoc-Netzwerke mit dynamisch wechselnden Topologien, wie sie in DECT 2020 NR (NR+)-Systemen vorkommen, entwickelt. Solche Netzwerke stehen oft vor der Herausforderung fehlender Verbindungen zwischen Knoten, was zu unvollst\u00e4ndigen oder ineffizienten Routing-Pfaden f\u00fchrt. Das neue [&hellip;]<\/p>\n","protected":false},"author":36,"featured_media":0,"parent":0,"menu_order":0,"comment_status":"closed","ping_status":"closed","template":"","meta":{"footnotes":""},"class_list":["post-139","page","type-page","status-publish","hentry"],"_links":{"self":[{"href":"https:\/\/pages.constructor.university\/5ghyprmesh\/index.php?rest_route=\/wp\/v2\/pages\/139","targetHints":{"allow":["GET"]}}],"collection":[{"href":"https:\/\/pages.constructor.university\/5ghyprmesh\/index.php?rest_route=\/wp\/v2\/pages"}],"about":[{"href":"https:\/\/pages.constructor.university\/5ghyprmesh\/index.php?rest_route=\/wp\/v2\/types\/page"}],"author":[{"embeddable":true,"href":"https:\/\/pages.constructor.university\/5ghyprmesh\/index.php?rest_route=\/wp\/v2\/users\/36"}],"replies":[{"embeddable":true,"href":"https:\/\/pages.constructor.university\/5ghyprmesh\/index.php?rest_route=%2Fwp%2Fv2%2Fcomments&post=139"}],"version-history":[{"count":3,"href":"https:\/\/pages.constructor.university\/5ghyprmesh\/index.php?rest_route=\/wp\/v2\/pages\/139\/revisions"}],"predecessor-version":[{"id":144,"href":"https:\/\/pages.constructor.university\/5ghyprmesh\/index.php?rest_route=\/wp\/v2\/pages\/139\/revisions\/144"}],"wp:attachment":[{"href":"https:\/\/pages.constructor.university\/5ghyprmesh\/index.php?rest_route=%2Fwp%2Fv2%2Fmedia&parent=139"}],"curies":[{"name":"wp","href":"https:\/\/api.w.org\/{rel}","templated":true}]}}