{"id":56,"date":"2024-07-22T14:49:53","date_gmt":"2024-07-22T12:49:53","guid":{"rendered":"https:\/\/pages.constructor.university\/5ghyprmesh\/?page_id=56"},"modified":"2024-11-14T12:34:22","modified_gmt":"2024-11-14T11:34:22","slug":"impressum","status":"publish","type":"page","link":"https:\/\/pages.constructor.university\/5ghyprmesh\/?page_id=56","title":{"rendered":"Impressum"},"content":{"rendered":"\n<p>Dies ist die Webseite des durch das Bundesamt f\u00fcr Sicherheit in der Informationstechnik gef\u00f6rderten Verbundvorhabens &#8220;5G HyprMesh&#8221;.<\/p>\n\n\n\n<p>Das Konsortium setzt sich aus den folgenden Projektpartnern zusammen:<\/p>\n\n\n\n<ul class=\"wp-block-list\">\n<li>WIOQNet<\/li>\n\n\n\n<li>Technische Universit\u00e4t Chemnitz<\/li>\n\n\n\n<li>Constructor University Bremen<\/li>\n\n\n\n<li>Landkreis Erzgebirgskreis<\/li>\n<\/ul>\n\n\n\n<p>Die Konsortialf\u00fchrung \u00fcbernimmt <strong>WIOQnet, <\/strong>vertreten durch den Projektleiter Jonathan Bechtold.<\/p>\n\n\n\n<p>Verantwortlich f\u00fcr diese Webseite:<\/p>\n\n\n\n<p><strong>Constructor University Bremen<\/strong><br>Campus Ring 1<br>28759 Bremen<br>Germany<\/p>\n\n\n\n<p><strong>Kontakt<\/strong><br><a href=\"mailto:5GHyprMesh@wioqnet.de\">5GHyprMesh@wioqnet.de<\/a><\/p>\n","protected":false},"excerpt":{"rendered":"<p>Dies ist die Webseite des durch das Bundesamt f\u00fcr Sicherheit in der Informationstechnik gef\u00f6rderten Verbundvorhabens &#8220;5G HyprMesh&#8221;. Das Konsortium setzt sich aus den folgenden Projektpartnern zusammen: Die Konsortialf\u00fchrung \u00fcbernimmt WIOQnet, vertreten durch den Projektleiter Jonathan Bechtold. Verantwortlich f\u00fcr diese Webseite: Constructor University BremenCampus Ring 128759 BremenGermany Kontakt5GHyprMesh@wioqnet.de<\/p>\n","protected":false},"author":36,"featured_media":0,"parent":0,"menu_order":0,"comment_status":"closed","ping_status":"closed","template":"","meta":{"footnotes":""},"class_list":["post-56","page","type-page","status-publish","hentry"],"_links":{"self":[{"href":"https:\/\/pages.constructor.university\/5ghyprmesh\/index.php?rest_route=\/wp\/v2\/pages\/56","targetHints":{"allow":["GET"]}}],"collection":[{"href":"https:\/\/pages.constructor.university\/5ghyprmesh\/index.php?rest_route=\/wp\/v2\/pages"}],"about":[{"href":"https:\/\/pages.constructor.university\/5ghyprmesh\/index.php?rest_route=\/wp\/v2\/types\/page"}],"author":[{"embeddable":true,"href":"https:\/\/pages.constructor.university\/5ghyprmesh\/index.php?rest_route=\/wp\/v2\/users\/36"}],"replies":[{"embeddable":true,"href":"https:\/\/pages.constructor.university\/5ghyprmesh\/index.php?rest_route=%2Fwp%2Fv2%2Fcomments&post=56"}],"version-history":[{"count":5,"href":"https:\/\/pages.constructor.university\/5ghyprmesh\/index.php?rest_route=\/wp\/v2\/pages\/56\/revisions"}],"predecessor-version":[{"id":79,"href":"https:\/\/pages.constructor.university\/5ghyprmesh\/index.php?rest_route=\/wp\/v2\/pages\/56\/revisions\/79"}],"wp:attachment":[{"href":"https:\/\/pages.constructor.university\/5ghyprmesh\/index.php?rest_route=%2Fwp%2Fv2%2Fmedia&parent=56"}],"curies":[{"name":"wp","href":"https:\/\/api.w.org\/{rel}","templated":true}]}}