{"id":190,"date":"2025-01-08T11:06:02","date_gmt":"2025-01-08T11:06:02","guid":{"rendered":"https:\/\/pages.constructor.university\/photocam\/?page_id=190"},"modified":"2025-09-22T18:19:24","modified_gmt":"2025-09-22T18:19:24","slug":"project-8","status":"publish","type":"page","link":"https:\/\/pages.constructor.university\/photocam\/persons-involved\/project-8\/","title":{"rendered":"Project 8"},"content":{"rendered":"\n<div class=\"wp-block-group is-vertical is-layout-flex wp-container-core-group-is-layout-8cf370e7 wp-block-group-is-layout-flex\">\n<h1 class=\"wp-block-heading\">Non-adiabatic dynamics in LH complexes with the use of Machine Learning algorithms&nbsp;<\/h1>\n\n\n\n<h2 class=\"wp-block-heading has-medium-font-size\">Karlsruhe Institute of Technology, Germany<\/h2>\n<\/div>\n\n\n\n<div class=\"wp-block-group is-content-justification-center is-nowrap is-layout-flex wp-container-core-group-is-layout-94bc23d7 wp-block-group-is-layout-flex\">\n<div class=\"wp-block-group is-vertical is-content-justification-center is-layout-flex wp-container-core-group-is-layout-4b2eccd6 wp-block-group-is-layout-flex\">\n<p class=\"has-text-align-center\">Principal Investigator<br> <strong>Prof. Dr. Marcus Elstner<\/strong><\/p>\n\n\n\n<figure class=\"wp-block-image size-full is-resized\"><img loading=\"lazy\" decoding=\"async\" width=\"1882\" height=\"2020\" src=\"https:\/\/pages.constructor.university\/photocam\/wp-content\/uploads\/sites\/57\/2025\/01\/marcus_elstner_photo.png\" alt=\"\" class=\"wp-image-192\" style=\"object-fit:cover;width:300px;height:350px\" srcset=\"https:\/\/pages.constructor.university\/photocam\/wp-content\/uploads\/sites\/57\/2025\/01\/marcus_elstner_photo.png 1882w, https:\/\/pages.constructor.university\/photocam\/wp-content\/uploads\/sites\/57\/2025\/01\/marcus_elstner_photo-280x300.png 280w, https:\/\/pages.constructor.university\/photocam\/wp-content\/uploads\/sites\/57\/2025\/01\/marcus_elstner_photo-954x1024.png 954w, https:\/\/pages.constructor.university\/photocam\/wp-content\/uploads\/sites\/57\/2025\/01\/marcus_elstner_photo-768x824.png 768w, https:\/\/pages.constructor.university\/photocam\/wp-content\/uploads\/sites\/57\/2025\/01\/marcus_elstner_photo-1431x1536.png 1431w\" sizes=\"auto, (max-width: 1882px) 100vw, 1882px\" \/><\/figure>\n<\/div>\n\n\n\n<div style=\"height:100px;width:0px\" aria-hidden=\"true\" class=\"wp-block-spacer wp-container-content-6388d5dc\"><\/div>\n\n\n\n<div class=\"wp-block-group is-vertical is-content-justification-center is-layout-flex wp-container-core-group-is-layout-4b2eccd6 wp-block-group-is-layout-flex\">\n<p class=\"has-text-align-center\"> Doctoral Candidate<br> <strong>Ebru Akkus<\/strong><\/p>\n\n\n\n<figure class=\"wp-block-image size-full is-resized\"><img loading=\"lazy\" decoding=\"async\" width=\"781\" height=\"1077\" src=\"https:\/\/pages.constructor.university\/photocam\/wp-content\/uploads\/sites\/57\/2025\/01\/ebruakkus_photo.jpeg\" alt=\"\" class=\"wp-image-191\" style=\"width:auto;height:350px\" srcset=\"https:\/\/pages.constructor.university\/photocam\/wp-content\/uploads\/sites\/57\/2025\/01\/ebruakkus_photo.jpeg 781w, https:\/\/pages.constructor.university\/photocam\/wp-content\/uploads\/sites\/57\/2025\/01\/ebruakkus_photo-218x300.jpeg 218w, https:\/\/pages.constructor.university\/photocam\/wp-content\/uploads\/sites\/57\/2025\/01\/ebruakkus_photo-743x1024.jpeg 743w, https:\/\/pages.constructor.university\/photocam\/wp-content\/uploads\/sites\/57\/2025\/01\/ebruakkus_photo-768x1059.jpeg 768w\" sizes=\"auto, (max-width: 781px) 100vw, 781px\" \/><\/figure>\n<\/div>\n<\/div>\n\n\n\n<h2 class=\"wp-block-heading has-medium-font-size\">Project Description:<\/h2>\n\n\n\n<p>The major goal of this project is to elucidate the excitation energy transfer (EET) mechanisms in light-harvesting complexes (LHCs), specifically light-harvesting complex II (LHC II) and fucoxanthin chlorophyll a\/c-binding protein (FCP). EET is driven by factors such as site energies, excitonic couplings, and structural rearrangements, requiring accurate modeling to capture exciton dynamics. To achieve this, we&nbsp;employ non-adiabatic molecular dynamics (NAMD) to simulate the combined electronic-nuclear dynamics using the long-range corrected time-dependent density functional tight binding (TD-LC-DFTB) method within quantum mechanical\/molecular mechanical (QM\/MM) framework, which provides an efficient modeling quantum and nuclear interactions during EET processes. However, these simulations remain computationally demanding for large systems. To address this challenge, we will utilize neural networks (NNs) that trained on TD-LC-DFTB data to accurately predict site energies, excitonic couplings, and forces at a significantly reduced computational cost. By integrating NNs, we aim to accelerate the investigation of EET processes and deepen our understanding of the structural and functional interactions that drive energy transfer in light-harvesting complexes.<\/p>\n\n\n\n<h2 class=\"wp-block-heading has-medium-font-size\">Publications:<\/h2>\n\n\n\n<ol class=\"wp-block-list\">\n<li>\u00a0Monja Sokolov, David S Hoffmann, Philipp M Dohmen, Mila Kr\u00e4mer, Sebastian H\u00f6fener, Ulrich Kleinekath\u00f6fer, and Marcus Elstner. Nonadiabatic molecular dynamics simulations provide new insights into the exciton transfer in the fenna\u2013matthews\u2013olson complex. Physical Chemistry Chemical Physics, 2024.<br><\/li>\n\n\n\n<li>Farhad Ghalami, Philipp M Dohmen, Mila Kr\u00e4mer, Marcus Elstner, and Weiwei Xie. Nonadiabatic simulation of exciton dynamics in organic semiconductors using neural network-based frenkel hamiltonian and gradients. Journal of Chemical Theory and Computation, 2024.<br><\/li>\n\n\n\n<li>B. M. Bold, M. Sokolov, S. Maity, M. Wanko, P. M. Dohmen, J. J. Kranz, U. Kleinekath\u00f6fer, S. H\u00f6fener, and M. Elstner. Correction: Benchmark and performance of long-range corrected time-dependent density functional tight binding (LC-TD-DFTB) on rhodopsins and light-harvesting complexes. Phys. Chem. Chem. Phys., 25:22535\u201322537, 2023.<\/li>\n<\/ol>\n","protected":false},"excerpt":{"rendered":"<p>Non-adiabatic dynamics in LH complexes with the use of Machine Learning algorithms&nbsp; Karlsruhe Institute of Technology, Germany Principal Investigator Prof. Dr. Marcus Elstner Doctoral Candidate Ebru Akkus Project Description: The major goal of this project is to elucidate the excitation<\/p>\n","protected":false},"author":38,"featured_media":0,"parent":26,"menu_order":8,"comment_status":"closed","ping_status":"closed","template":"","meta":{"footnotes":""},"class_list":["post-190","page","type-page","status-publish","hentry"],"_links":{"self":[{"href":"https:\/\/pages.constructor.university\/photocam\/wp-json\/wp\/v2\/pages\/190","targetHints":{"allow":["GET"]}}],"collection":[{"href":"https:\/\/pages.constructor.university\/photocam\/wp-json\/wp\/v2\/pages"}],"about":[{"href":"https:\/\/pages.constructor.university\/photocam\/wp-json\/wp\/v2\/types\/page"}],"author":[{"embeddable":true,"href":"https:\/\/pages.constructor.university\/photocam\/wp-json\/wp\/v2\/users\/38"}],"replies":[{"embeddable":true,"href":"https:\/\/pages.constructor.university\/photocam\/wp-json\/wp\/v2\/comments?post=190"}],"version-history":[{"count":7,"href":"https:\/\/pages.constructor.university\/photocam\/wp-json\/wp\/v2\/pages\/190\/revisions"}],"predecessor-version":[{"id":259,"href":"https:\/\/pages.constructor.university\/photocam\/wp-json\/wp\/v2\/pages\/190\/revisions\/259"}],"up":[{"embeddable":true,"href":"https:\/\/pages.constructor.university\/photocam\/wp-json\/wp\/v2\/pages\/26"}],"wp:attachment":[{"href":"https:\/\/pages.constructor.university\/photocam\/wp-json\/wp\/v2\/media?parent=190"}],"curies":[{"name":"wp","href":"https:\/\/api.w.org\/{rel}","templated":true}]}}